 is the remainder when 7132 is divided by 1420?
32
Calculate the remainder when 78606 is divided by 272.
270
What is the remainder when 52950 is divided by 291?
279
Calculate the remainder when 2696 is divided by 195.
161
What is the remainder when 697 is divided by 210?
67
What is the remainder when 1369 is divided by 27?
19
Calculate the remainder when 1044 is divided by 76.
56
Calculate the remainder when 9786 is divided by 1219.
34
Calculate the remainder when 653026 is divided by 217667.
25
Calculate the remainder when 17278 is divided by 8295.
688
Calculate the remainder when 92639 is divided by 160.
159
Calculate the remainder when 33059 is divided by 293.
243
What is the remainder when 7621 is divided by 47?
7
Calculate the remainder when 2427 is divided by 2103.
324
Calculate the remainder when 3452 is divided by 3337.
115
Calculate the remainder when 42312 is divided by 93.
90
Calculate the remainder when 109705 is divided by 124.
89
What is the remainder when 2324572 is divided by 79?
76
Calculate the remainder when 237 is divided by 20.
17
Calculate the remainder when 34995 is divided by 14.
9
Calculate the remainder when 4506 is divided by 120.
66
What is the remainder when 52028 is divided by 1792?
60
Calculate the remainder when 9475 is divided by 22.
15
What is the remainder when 25926 is divided by 835?
41
What is the remainder when 134214 is divided by 2486?
2456
What is the remainder when 453271 is divided by 417?
409
What is the remainder when 3300 is divided by 365?
15
What is the remainder when 41945 is divided by 61?
38
What is the remainder when 1130039 is divided by 8?
7
Calculate the remainder when 77374 is divided by 25745.
139
Calculate the remainder when 266915 is divided by 27.
20
What is the remainder when 21210 is divided by 53?
10
What is the remainder when 105119 is divided by 841?
835
What is the remainder when 65689 is divided by 47?
30
What is the remainder when 99979 is divided by 21?
19
Calculate the remainder when 93981 is divided by 137.
136
Calculate the remainder when 3593215 is divided by 1856.
1855
What is the remainder when 107546 is divided by 161?
159
Calculate the remainder when 321650 is divided by 829.
827
Calculate the remainder when 687 is divided by 170.
7
What is the remainder when 44584 is divided by 11?
1
What is the remainder when 125621 is divided by 31402?
13
What is the remainder when 397118 is divided by 365?
363
Calculate the remainder when 1393 is divided by 478.
437
What is the remainder when 2682 is divided by 69?
60
What is the remainder when 61676 is divided by 257?
253
What is the remainder when 1407692 is divided by 6?
2
Calculate the remainder when 6962 is divided by 957.
263
Calculate the remainder when 9860 is divided by 245.
60
What is the remainder when 296504 is divided by 74120?
24
Calculate the remainder when 1524634 is divided by 1171.
1163
What is the remainder when 246239 is divided by 50?
39
What is the remainder when 167385 is divided by 167365?
20
Calculate the remainder when 2840 is divided by 234.
32
What is the remainder when 176063 is divided by 162?
131
What is the remainder when 981 is divided by 23?
15
What is the remainder when 13524 is divided by 604?
236
Calculate the remainder when 228448 is divided by 79.
59
What is the remainder when 916339 is divided by 916330?
9
Calculate the remainder when 8602 is divided by 2643.
673
What is the remainder when 2630 is divided by 837?
119
What is the remainder when 238211 is divided by 19?
8
What is the remainder when 34242 is divided by 1070?
2
Calculate the remainder when 24573 is divided by 12.
9
What is the remainder when 5966 is divided by 851?
9
Calculate the remainder when 55248 is divided by 21.
18
Calculate the remainder when 128480 is divided by 148.
16
Calculate the remainder when 9372 is divided by 4.
0
What is the remainder when 3757 is divided by 43?
16
What is the remainder when 948 is divided by 283?
99
Calculate the remainder when 37328 is divided by 212.
16
What is the remainder when 34571 is divided by 129?
128
What is the remainder when 2306 is divided by 30?
26
Calculate the remainder when 38230 is divided by 216.
214
What is the remainder when 3295 is divided by 170?
65
Calculate the remainder when 4805 is divided by 1198.
13
What is the remainder when 270480 is divided by 973?
959
What is the remainder when 96557 is divided by 223?
221
Calculate the remainder when 13159 is divided by 1315.
9
What is the remainder when 6491 is divided by 181?
156
What is the remainder when 21575 is divided by 19?
10
Calculate the remainder when 1593 is divided by 386.
49
Calculate the remainder when 1659710 is divided by 11.
8
What is the remainder when 4503 is divided by 99?
48
Calculate the remainder when 5186 is divided by 291.
239
What is the remainder when 12281 is divided by 4092?
5
What is the remainder when 484568 is divided by 242275?
18
Calculate the remainder when 7974 is divided by 8.
6
What is the remainder when 1408 is divided by 766?
642
Calculate the remainder when 35121 is divided by 748.
713
What is the remainder when 375 is divided by 150?
75
What is the remainder when 1399 is divided by 707?
692
What is the remainder when 674510 is divided by 292?
282
Calculate the remainder when 8068 is divided by 2652.
112
Calculate the remainder when 46130 is divided by 632.
626
Calculate the remainder when 63062 is divided by 418.
362
What is the remainder when 3820 is divided by 129?
79
What is the remainder when 133623 is divided by 6?
3
Calculate the remainder when 39700 is divided by 272.
260
What is the remainder when 38028 is divided by 172?
16
Calculate the remainder when 56379 is divided by 13.
11
What is the remainder when 513575 is divided by 1595?
1580
What is the remainder when 182779 is divided by 52?
51
What is the remainder when 15003 is divided by 23?
7
What is the remainder when 4748 is divided by 342?
302
Calculate the remainder when 75025 is divided by 11.
5
What is the remainder when 921 is divided by 80?
41
Calculate the remainder when 3433 is divided by 3420.
13
Calculate the remainder when 10933 is divided by 25.
8
What is the remainder when 5354 is divided by 1336?
10
What is the remainder when 12917 is divided by 1382?
479
Calculate the remainder when 14917 is divided by 32.
5
Calculate the remainder when 16716 is divided by 44.
40
What is the remainder when 2724 is divided by 903?
15
What is the remainder when 2048 is divided by 970?
108
Calculate the remainder when 800189 is divided by 1569.
1568
What is the remainder when 438989 is divided by 289?
287
What is the remainder when 23025 is divided by 54?
21
What is the remainder when 5657276 is divided by 22?
20
Calculate the remainder when 334249 is divided by 350.
349
Calculate the remainder when 2908 is divided by 448.
220
Calculate the remainder when 5498 is divided by 307.
279
What is the remainder when 38609 is divided by 110?
109
Calculate the remainder when 207433 is divided by 603.
1
Calculate the remainder when 9970763 is divided by 59.
58
Calculate the remainder when 8736 is divided by 365.
341
What is the remainder when 6009 is divided by 541?
58
Calculate the remainder when 982 is divided by 81.
10
What is the remainder when 1240 is divided by 1232?
8
Calculate the remainder when 772195 is divided by 228.
187
Calculate the remainder when 6633162 is divided by 77.
74
What is the remainder when 14511 is divided by 193?
36
What is the remainder when 9288 is divided by 665?
643
Calculate the remainder when 21798 is divided by 5355.
378
What is the remainder when 3564 is divided by 192?
108
Calculate the remainder when 210366 is divided by 765.
756
What is the remainder when 33655 is divided by 182?
167
Calculate the remainder when 2748 is divided by 415.
258
Calculate the remainder when 65090 is divided by 65085.
5
What is the remainder when 1072029 is divided by 78?
75
What is the remainder when 21228 is divided by 17?
12
What is the remainder when 16017 is divided by 90?
87
What is the remainder when 42565 is divided by 6071?
68
Calculate the remainder when 53582 is divided by 162.
122
Calculate the remainder when 797207 is divided by 472.
471
What is the remainder when 16112 is divided by 293?
290
What is the